{"id":14,"date":"2025-10-13T13:20:41","date_gmt":"2025-10-13T13:20:41","guid":{"rendered":"https:\/\/mundodafinance.com\/?page_id=14"},"modified":"2025-10-13T13:20:58","modified_gmt":"2025-10-13T13:20:58","slug":"contato","status":"publish","type":"page","link":"https:\/\/mundodafinance.com\/?page_id=14","title":{"rendered":"CONTATO"},"content":{"rendered":"\n<p>Caso tenha alguma d\u00favida, sugest\u00e3o ou queira compartilhar sua opini\u00e3o sobre nossos conte\u00fados, fique \u00e0 vontade para nos escrever pelo e-mail: contato@jornal316.com.br<\/p>\n\n\n\n<p><\/p>\n","protected":false},"excerpt":{"rendered":"<p>Caso tenha alguma d\u00favida, sugest\u00e3o ou queira compartilhar sua opini\u00e3o sobre nossos conte\u00fados, fique \u00e0 vontade para nos escrever pelo e-mail: contato@jornal316.com.br<\/p>\n","protected":false},"author":2,"featured_media":0,"parent":0,"menu_order":0,"comment_status":"closed","ping_status":"closed","template":"","meta":{"footnotes":""},"class_list":["post-14","page","type-page","status-publish","hentry"],"_links":{"self":[{"href":"https:\/\/mundodafinance.com\/index.php?rest_route=\/wp\/v2\/pages\/14","targetHints":{"allow":["GET"]}}],"collection":[{"href":"https:\/\/mundodafinance.com\/index.php?rest_route=\/wp\/v2\/pages"}],"about":[{"href":"https:\/\/mundodafinance.com\/index.php?rest_route=\/wp\/v2\/types\/page"}],"author":[{"embeddable":true,"href":"https:\/\/mundodafinance.com\/index.php?rest_route=\/wp\/v2\/users\/2"}],"replies":[{"embeddable":true,"href":"https:\/\/mundodafinance.com\/index.php?rest_route=%2Fwp%2Fv2%2Fcomments&post=14"}],"version-history":[{"count":2,"href":"https:\/\/mundodafinance.com\/index.php?rest_route=\/wp\/v2\/pages\/14\/revisions"}],"predecessor-version":[{"id":16,"href":"https:\/\/mundodafinance.com\/index.php?rest_route=\/wp\/v2\/pages\/14\/revisions\/16"}],"wp:attachment":[{"href":"https:\/\/mundodafinance.com\/index.php?rest_route=%2Fwp%2Fv2%2Fmedia&parent=14"}],"curies":[{"name":"wp","href":"https:\/\/api.w.org\/{rel}","templated":true}]}}